{"id":1732,"date":"2023-06-16T08:53:11","date_gmt":"2023-06-16T06:53:11","guid":{"rendered":"https:\/\/agricampuslaroque.fr\/?page_id=1732"},"modified":"2024-07-02T14:30:02","modified_gmt":"2024-07-02T12:30:02","slug":"section-euro-espagne-euro-section-spain","status":"publish","type":"page","link":"https:\/\/agricampuslaroque.fr\/index.php\/coop-internationale\/section-euro-espagne-euro-section-spain\/","title":{"rendered":"Section Euro (Espagne) \/ Euro Section (Spain)"},"content":{"rendered":"\t\t<div data-elementor-type=\"wp-page\" data-elementor-id=\"1732\" class=\"elementor elementor-1732\">\n\t\t\t\t\t\t<section class=\"elementor-section elementor-top-section elementor-element elementor-element-3639e8b2 elementor-section-height-min-height elementor-section-items-top elementor-section-full_width elementor-section-height-default wpr-particle-no wpr-jarallax-no wpr-parallax-no wpr-sticky-section-no\" data-id=\"3639e8b2\" data-element_type=\"section\" data-e-type=\"section\" data-settings=\"{&quot;background_background&quot;:&quot;classic&quot;}\">\n\t\t\t\t\t\t<div class=\"elementor-container elementor-column-gap-no\">\n\t\t\t\t\t<div class=\"elementor-column elementor-col-100 elementor-top-column elementor-element elementor-element-2daed1f\" data-id=\"2daed1f\" data-element_type=\"column\" data-e-type=\"column\">\n\t\t\t<div class=\"elementor-widget-wrap elementor-element-populated\">\n\t\t\t\t\t\t<section class=\"elementor-section elementor-inner-section elementor-element elementor-element-58af7954 elementor-section-boxed elementor-section-height-default elementor-section-height-default wpr-particle-no wpr-jarallax-no wpr-parallax-no wpr-sticky-section-no\" data-id=\"58af7954\" data-element_type=\"section\" data-e-type=\"section\">\n\t\t\t\t\t\t<div class=\"elementor-container elementor-column-gap-no\">\n\t\t\t\t\t<div class=\"elementor-column elementor-col-50 elementor-inner-column elementor-element elementor-element-1f078560\" data-id=\"1f078560\" data-element_type=\"column\" data-e-type=\"column\">\n\t\t\t<div class=\"elementor-widget-wrap elementor-element-populated\">\n\t\t\t\t\t\t<div class=\"elementor-element elementor-element-4dbd1cdc elementor-widget elementor-widget-spacer\" data-id=\"4dbd1cdc\" data-element_type=\"widget\" data-e-type=\"widget\" data-widget_type=\"spacer.default\">\n\t\t\t\t<div class=\"elementor-widget-container\">\n\t\t\t\t\t\t\t<div class=\"elementor-spacer\">\n\t\t\t<div class=\"elementor-spacer-inner\"><\/div>\n\t\t<\/div>\n\t\t\t\t\t\t<\/div>\n\t\t\t\t<\/div>\n\t\t\t\t<div class=\"elementor-element elementor-element-47275389 elementor-widget elementor-widget-heading\" data-id=\"47275389\" data-element_type=\"widget\" data-e-type=\"widget\" data-widget_type=\"heading.default\">\n\t\t\t\t<div class=\"elementor-widget-container\">\n\t\t\t\t\t<h2 class=\"elementor-heading-title elementor-size-default\">Section euro<\/h2>\t\t\t\t<\/div>\n\t\t\t\t<\/div>\n\t\t\t\t<div class=\"elementor-element elementor-element-13f19fd elementor-widget-divider--view-line elementor-invisible elementor-widget elementor-widget-divider\" data-id=\"13f19fd\" data-element_type=\"widget\" data-e-type=\"widget\" data-settings=\"{&quot;_animation&quot;:&quot;fadeIn&quot;,&quot;_animation_delay&quot;:&quot;200&quot;}\" data-widget_type=\"divider.default\">\n\t\t\t\t<div class=\"elementor-widget-container\">\n\t\t\t\t\t\t\t<div class=\"elementor-divider\">\n\t\t\t<span class=\"elementor-divider-separator\">\n\t\t\t\t\t\t<\/span>\n\t\t<\/div>\n\t\t\t\t\t\t<\/div>\n\t\t\t\t<\/div>\n\t\t\t\t<div class=\"elementor-element elementor-element-13d7a6a1 elementor-widget__width-initial elementor-invisible elementor-widget elementor-widget-heading\" data-id=\"13d7a6a1\" data-element_type=\"widget\" data-e-type=\"widget\" data-settings=\"{&quot;_animation&quot;:&quot;fadeIn&quot;,&quot;_animation_delay&quot;:&quot;400&quot;}\" data-widget_type=\"heading.default\">\n\t\t\t\t<div class=\"elementor-widget-container\">\n\t\t\t\t\t<h2 class=\"elementor-heading-title elementor-size-default\">Espagne <br> <i>Euro Section \/ Spain<\/h2>\t\t\t\t<\/div>\n\t\t\t\t<\/div>\n\t\t\t\t\t<\/div>\n\t\t<\/div>\n\t\t\t\t<div class=\"elementor-column elementor-col-50 elementor-inner-column elementor-element elementor-element-6d5de61a\" data-id=\"6d5de61a\" data-element_type=\"column\" data-e-type=\"column\">\n\t\t\t<div class=\"elementor-widget-wrap\">\n\t\t\t\t\t\t\t<\/div>\n\t\t<\/div>\n\t\t\t\t\t<\/div>\n\t\t<\/section>\n\t\t\t\t<div class=\"elementor-element elementor-element-7c7380fd elementor-widget elementor-widget-spacer\" data-id=\"7c7380fd\" data-element_type=\"widget\" data-e-type=\"widget\" data-widget_type=\"spacer.default\">\n\t\t\t\t<div class=\"elementor-widget-container\">\n\t\t\t\t\t\t\t<div class=\"elementor-spacer\">\n\t\t\t<div class=\"elementor-spacer-inner\"><\/div>\n\t\t<\/div>\n\t\t\t\t\t\t<\/div>\n\t\t\t\t<\/div>\n\t\t\t\t\t<\/div>\n\t\t<\/div>\n\t\t\t\t\t<\/div>\n\t\t<\/section>\n\t\t\t\t<section class=\"elementor-section elementor-top-section elementor-element elementor-element-3b1b29e9 elementor-section-boxed elementor-section-height-default elementor-section-height-default wpr-particle-no wpr-jarallax-no wpr-parallax-no wpr-sticky-section-no\" data-id=\"3b1b29e9\" data-element_type=\"section\" data-e-type=\"section\">\n\t\t\t\t\t\t<div class=\"elementor-container elementor-column-gap-no\">\n\t\t\t\t\t<div class=\"elementor-column elementor-col-100 elementor-top-column elementor-element elementor-element-65e029a5\" data-id=\"65e029a5\" data-element_type=\"column\" data-e-type=\"column\">\n\t\t\t<div class=\"elementor-widget-wrap elementor-element-populated\">\n\t\t\t\t\t\t<div class=\"elementor-element elementor-element-e70541 elementor-widget elementor-widget-image\" data-id=\"e70541\" data-element_type=\"widget\" data-e-type=\"widget\" data-widget_type=\"image.default\">\n\t\t\t\t<div class=\"elementor-widget-container\">\n\t\t\t\t\t\t\t\t\t\t\t\t\t\t\t<img fetchpriority=\"high\" decoding=\"async\" width=\"1024\" height=\"768\" src=\"https:\/\/agricampuslaroque.fr\/wp-content\/uploads\/2023\/06\/BLANES.jpg\" class=\"attachment-full size-full wp-image-1798\" alt=\"\" srcset=\"https:\/\/agricampuslaroque.fr\/wp-content\/uploads\/2023\/06\/BLANES.jpg 1024w, https:\/\/agricampuslaroque.fr\/wp-content\/uploads\/2023\/06\/BLANES-300x225.jpg 300w, https:\/\/agricampuslaroque.fr\/wp-content\/uploads\/2023\/06\/BLANES-768x576.jpg 768w\" sizes=\"(max-width: 1024px) 100vw, 1024px\" \/>\t\t\t\t\t\t\t\t\t\t\t\t\t\t\t<\/div>\n\t\t\t\t<\/div>\n\t\t\t\t<section class=\"elementor-section elementor-inner-section elementor-element elementor-element-6a06db53 elementor-section-boxed elementor-section-height-default elementor-section-height-default wpr-particle-no wpr-jarallax-no wpr-parallax-no wpr-sticky-section-no\" data-id=\"6a06db53\" data-element_type=\"section\" data-e-type=\"section\">\n\t\t\t\t\t\t<div class=\"elementor-container elementor-column-gap-default\">\n\t\t\t\t\t<div class=\"elementor-column elementor-col-50 elementor-inner-column elementor-element elementor-element-24d8f15c\" data-id=\"24d8f15c\" data-element_type=\"column\" data-e-type=\"column\">\n\t\t\t<div class=\"elementor-widget-wrap elementor-element-populated\">\n\t\t\t\t\t\t<div class=\"elementor-element elementor-element-51df18fd elementor-widget-divider--view-line elementor-invisible elementor-widget elementor-widget-divider\" data-id=\"51df18fd\" data-element_type=\"widget\" data-e-type=\"widget\" data-settings=\"{&quot;_animation&quot;:&quot;slideInLeft&quot;}\" data-widget_type=\"divider.default\">\n\t\t\t\t<div class=\"elementor-widget-container\">\n\t\t\t\t\t\t\t<div class=\"elementor-divider\">\n\t\t\t<span class=\"elementor-divider-separator\">\n\t\t\t\t\t\t<\/span>\n\t\t<\/div>\n\t\t\t\t\t\t<\/div>\n\t\t\t\t<\/div>\n\t\t\t\t<div class=\"elementor-element elementor-element-33e7e57b elementor-view-default elementor-widget elementor-widget-icon\" data-id=\"33e7e57b\" data-element_type=\"widget\" data-e-type=\"widget\" data-widget_type=\"icon.default\">\n\t\t\t\t<div class=\"elementor-widget-container\">\n\t\t\t\t\t\t\t<div class=\"elementor-icon-wrapper\">\n\t\t\t<div class=\"elementor-icon\">\n\t\t\t<i aria-hidden=\"true\" class=\"fas fa-square-full\"><\/i>\t\t\t<\/div>\n\t\t<\/div>\n\t\t\t\t\t\t<\/div>\n\t\t\t\t<\/div>\n\t\t\t\t<div class=\"elementor-element elementor-element-34051e4b elementor-widget elementor-widget-heading\" data-id=\"34051e4b\" data-element_type=\"widget\" data-e-type=\"widget\" data-widget_type=\"heading.default\">\n\t\t\t\t<div class=\"elementor-widget-container\">\n\t\t\t\t\t<h3 class=\"elementor-heading-title elementor-size-default\">section europ\u00e9enne<\/h3>\t\t\t\t<\/div>\n\t\t\t\t<\/div>\n\t\t\t\t<div class=\"elementor-element elementor-element-42bfa97 elementor-widget__width-initial elementor-widget elementor-widget-text-editor\" data-id=\"42bfa97\" data-element_type=\"widget\" data-e-type=\"widget\" data-widget_type=\"text-editor.default\">\n\t\t\t\t<div class=\"elementor-widget-container\">\n\t\t\t\t\t\t\t\t\t<p>Depuis 2008, les \u00e9l\u00e8ves ont la possibilit\u00e9 de participer \u00e0 la section europ\u00e9enne. Cela consiste en 2h de cours suppl\u00e9mentaires par semaine: 1 h d&rsquo;espagnol, et 1h de DNL (discipline non-linguistique), qui peut \u00eatre de la Physique-Chimie, de la Zootechnie, de l&rsquo;Agronomie, de l&rsquo;Education Socio-Culturelle&#8230; Chaque ann\u00e9e un nouveau projet est port\u00e9 par toute l&rsquo;\u00e9quipe.\u00a0<\/p>\t\t\t\t\t\t\t\t<\/div>\n\t\t\t\t<\/div>\n\t\t\t\t<div class=\"elementor-element elementor-element-6e6ecca elementor-widget__width-initial elementor-widget elementor-widget-text-editor\" data-id=\"6e6ecca\" data-element_type=\"widget\" data-e-type=\"widget\" data-widget_type=\"text-editor.default\">\n\t\t\t\t<div class=\"elementor-widget-container\">\n\t\t\t\t\t\t\t\t\t<div id=\"magicdomid179\" class=\"ace-line\" spellcheck=\"true\" aria-live=\"assertive\"><span class=\"\">Par exemple:\u00a0<\/span><\/div><div id=\"magicdomid180\" class=\"ace-line\" spellcheck=\"true\" aria-live=\"assertive\"><span class=\"\">\u00a0\u00a0\u00a0 &#8211; 2016, la section europ\u00e9enne a \u00e9t\u00e9 jury du Festival de Documentaires de Cin\u00e9latino \u00e0 Toulouse,<\/span><\/div><div id=\"magicdomid181\" class=\"ace-line\" spellcheck=\"true\" aria-live=\"assertive\"><span class=\"\">\u00a0\u00a0\u00a0 &#8211; 2017: tournage d&rsquo;un mini-polar,<\/span><\/div><div id=\"magicdomid182\" class=\"ace-line\" spellcheck=\"true\" aria-live=\"assertive\"><span class=\"\">\u00a0\u00a0\u00a0 &#8211; 2018: enregistrement d&rsquo;un journal des bonnes nouvelles, avec Radio Temps Rodez<\/span><\/div><div id=\"magicdomid183\" class=\"ace-line\" spellcheck=\"true\" aria-live=\"assertive\"><span class=\"\">\u00a0\u00a0\u00a0 &#8211; 2019: tournage d&rsquo;un \u00e9pisode de Don Quichotte (avec Mondes et Multitudes) et participation \u00e0 un Festival \u00e0 l&rsquo;Ile de R\u00e9, travail autour du Si\u00e8cle d&rsquo;Or et de l&rsquo;histoire de l&rsquo;Art<\/span><\/div><div id=\"magicdomid184\" class=\"ace-line\" spellcheck=\"true\" aria-live=\"assertive\"><span class=\"\">\u00a0\u00a0\u00a0 &#8211; 2020: L&rsquo;Europe et le Programme Erasmus, \u00e9tude du g\u00e9n\u00e9rique de \u00ab\u00a0L&rsquo;Auberge espagnole\u00a0\u00bb, pr\u00e9paration du tournage de \u00ab\u00a0l&rsquo;histoire d&rsquo;un steak\u00a0\u00bb, inachev\u00e9 pour cause de confinement,<\/span><\/div><div id=\"magicdomid185\" class=\"ace-line\" spellcheck=\"true\" aria-live=\"assertive\"><span class=\"\">\u00a0\u00a0\u00a0 &#8211; 2021: r\u00e9alisation d&rsquo;un court-m\u00e9trage autour des fake-news (Association Mondes et Muntitudes, L&rsquo;Ami des Lobbies)<\/span><\/div><div id=\"magicdomid186\" class=\"ace-line\" spellcheck=\"true\" aria-live=\"assertive\"><span class=\"\">\u00a0\u00a0\u00a0 &#8211; 2022: r\u00e9alisation d&rsquo;un court-m\u00e9trage sur la t\u00e9l\u00e9r\u00e9alit\u00e9, qui a permis d&rsquo;allier l&rsquo;espagnol \u00e0 la Zootechnie (les brebis, la pes\u00e9e des agneaux), mais aussi \u00e0 l&rsquo;Education Socio-Culturelle (\u00e9ducation aux m\u00e9dias, \u00e9tude de la t\u00e9l\u00e9-r\u00e9alit\u00e9). Ce travail a d\u00e9bouch\u00e9 sur le tournage de la bande annonce de la parodie AgriLanta.<\/span><\/div><div id=\"magicdomid187\" class=\"ace-line\" spellcheck=\"true\" aria-live=\"assertive\"><span class=\"\">\u00a0\u00a0\u00a0 &#8211; Projet pour 2023: Atelier d&rsquo;\u00e9criture autour de la vie des migrants, avec William Gex, auteur-compositeur-interpr\u00e8te, puis tournage d&rsquo;un court-m\u00e9trage sur les discriminations (avec Mondes et Multitudes, et l&rsquo;Ami des Lobbbies)<\/span><\/div>\t\t\t\t\t\t\t\t<\/div>\n\t\t\t\t<\/div>\n\t\t\t\t\t<\/div>\n\t\t<\/div>\n\t\t\t\t<div class=\"elementor-column elementor-col-50 elementor-inner-column elementor-element elementor-element-2e72925b\" data-id=\"2e72925b\" data-element_type=\"column\" data-e-type=\"column\">\n\t\t\t<div class=\"elementor-widget-wrap elementor-element-populated\">\n\t\t\t\t\t\t<div class=\"elementor-element elementor-element-68b48702 elementor-widget elementor-widget-google_maps\" data-id=\"68b48702\" data-element_type=\"widget\" data-e-type=\"widget\" data-widget_type=\"google_maps.default\">\n\t\t\t\t<div class=\"elementor-widget-container\">\n\t\t\t\t\t\t\t<div class=\"elementor-custom-embed\">\n\t\t\t<iframe loading=\"lazy\"\n\t\t\t\t\tsrc=\"https:\/\/maps.google.com\/maps?q=espagne&#038;t=m&#038;z=4&#038;output=embed&#038;iwloc=near\"\n\t\t\t\t\ttitle=\"espagne\"\n\t\t\t\t\taria-label=\"espagne\"\n\t\t\t><\/iframe>\n\t\t<\/div>\n\t\t\t\t\t\t<\/div>\n\t\t\t\t<\/div>\n\t\t\t\t\t<\/div>\n\t\t<\/div>\n\t\t\t\t\t<\/div>\n\t\t<\/section>\n\t\t\t\t\t<\/div>\n\t\t<\/div>\n\t\t\t\t\t<\/div>\n\t\t<\/section>\n\t\t\t\t<section class=\"elementor-section elementor-top-section elementor-element elementor-element-ba17672 elementor-section-boxed elementor-section-height-default elementor-section-height-default wpr-particle-no wpr-jarallax-no wpr-parallax-no wpr-sticky-section-no\" data-id=\"ba17672\" data-element_type=\"section\" data-e-type=\"section\">\n\t\t\t\t\t\t<div class=\"elementor-container elementor-column-gap-no\">\n\t\t\t\t\t<div class=\"elementor-column elementor-col-100 elementor-top-column elementor-element elementor-element-595957a\" data-id=\"595957a\" data-element_type=\"column\" data-e-type=\"column\">\n\t\t\t<div class=\"elementor-widget-wrap elementor-element-populated\">\n\t\t\t\t\t\t<div class=\"elementor-element elementor-element-eecb781 elementor-widget elementor-widget-image\" data-id=\"eecb781\" data-element_type=\"widget\" data-e-type=\"widget\" data-widget_type=\"image.default\">\n\t\t\t\t<div class=\"elementor-widget-container\">\n\t\t\t\t\t\t\t\t\t\t\t\t\t\t\t<img decoding=\"async\" width=\"1600\" height=\"1200\" src=\"https:\/\/agricampuslaroque.fr\/wp-content\/uploads\/2023\/11\/Blanes05_web.png\" class=\"attachment-full size-full wp-image-3389\" alt=\"\" srcset=\"https:\/\/agricampuslaroque.fr\/wp-content\/uploads\/2023\/11\/Blanes05_web.png 1600w, https:\/\/agricampuslaroque.fr\/wp-content\/uploads\/2023\/11\/Blanes05_web-300x225.png 300w, https:\/\/agricampuslaroque.fr\/wp-content\/uploads\/2023\/11\/Blanes05_web-1024x768.png 1024w, https:\/\/agricampuslaroque.fr\/wp-content\/uploads\/2023\/11\/Blanes05_web-768x576.png 768w, https:\/\/agricampuslaroque.fr\/wp-content\/uploads\/2023\/11\/Blanes05_web-1536x1152.png 1536w\" sizes=\"(max-width: 1600px) 100vw, 1600px\" \/>\t\t\t\t\t\t\t\t\t\t\t\t\t\t\t<\/div>\n\t\t\t\t<\/div>\n\t\t\t\t<section class=\"elementor-section elementor-inner-section elementor-element elementor-element-e8291cb elementor-section-boxed elementor-section-height-default elementor-section-height-default wpr-particle-no wpr-jarallax-no wpr-parallax-no wpr-sticky-section-no\" data-id=\"e8291cb\" data-element_type=\"section\" data-e-type=\"section\">\n\t\t\t\t\t\t<div class=\"elementor-container elementor-column-gap-default\">\n\t\t\t\t\t<div class=\"elementor-column elementor-col-50 elementor-inner-column elementor-element elementor-element-927a350\" data-id=\"927a350\" data-element_type=\"column\" data-e-type=\"column\">\n\t\t\t<div class=\"elementor-widget-wrap elementor-element-populated\">\n\t\t\t\t\t\t<div class=\"elementor-element elementor-element-2937a61 elementor-widget elementor-widget-google_maps\" data-id=\"2937a61\" data-element_type=\"widget\" data-e-type=\"widget\" data-widget_type=\"google_maps.default\">\n\t\t\t\t<div class=\"elementor-widget-container\">\n\t\t\t\t\t\t\t<div class=\"elementor-custom-embed\">\n\t\t\t<iframe loading=\"lazy\"\n\t\t\t\t\tsrc=\"https:\/\/maps.google.com\/maps?q=Blanes%2C%20espagne&#038;t=m&#038;z=8&#038;output=embed&#038;iwloc=near\"\n\t\t\t\t\ttitle=\"Blanes, espagne\"\n\t\t\t\t\taria-label=\"Blanes, espagne\"\n\t\t\t><\/iframe>\n\t\t<\/div>\n\t\t\t\t\t\t<\/div>\n\t\t\t\t<\/div>\n\t\t\t\t\t<\/div>\n\t\t<\/div>\n\t\t\t\t<div class=\"elementor-column elementor-col-50 elementor-inner-column elementor-element elementor-element-3a30ae7\" data-id=\"3a30ae7\" data-element_type=\"column\" data-e-type=\"column\">\n\t\t\t<div class=\"elementor-widget-wrap elementor-element-populated\">\n\t\t\t\t\t\t<div class=\"elementor-element elementor-element-f052de4 elementor-widget-divider--view-line elementor-invisible elementor-widget elementor-widget-divider\" data-id=\"f052de4\" data-element_type=\"widget\" data-e-type=\"widget\" data-settings=\"{&quot;_animation&quot;:&quot;slideInRight&quot;}\" data-widget_type=\"divider.default\">\n\t\t\t\t<div class=\"elementor-widget-container\">\n\t\t\t\t\t\t\t<div class=\"elementor-divider\">\n\t\t\t<span class=\"elementor-divider-separator\">\n\t\t\t\t\t\t<\/span>\n\t\t<\/div>\n\t\t\t\t\t\t<\/div>\n\t\t\t\t<\/div>\n\t\t\t\t<div class=\"elementor-element elementor-element-b8e94ee elementor-view-default elementor-widget elementor-widget-icon\" data-id=\"b8e94ee\" data-element_type=\"widget\" data-e-type=\"widget\" data-widget_type=\"icon.default\">\n\t\t\t\t<div class=\"elementor-widget-container\">\n\t\t\t\t\t\t\t<div class=\"elementor-icon-wrapper\">\n\t\t\t<div class=\"elementor-icon\">\n\t\t\t<i aria-hidden=\"true\" class=\"fas fa-square-full\"><\/i>\t\t\t<\/div>\n\t\t<\/div>\n\t\t\t\t\t\t<\/div>\n\t\t\t\t<\/div>\n\t\t\t\t<div class=\"elementor-element elementor-element-a945b7c elementor-widget elementor-widget-heading\" data-id=\"a945b7c\" data-element_type=\"widget\" data-e-type=\"widget\" data-widget_type=\"heading.default\">\n\t\t\t\t<div class=\"elementor-widget-container\">\n\t\t\t\t\t<h3 class=\"elementor-heading-title elementor-size-default\">Le partenariat avec le lyc\u00e9e de Blanes (Catalogne) <\/h3>\t\t\t\t<\/div>\n\t\t\t\t<\/div>\n\t\t\t\t<div class=\"elementor-element elementor-element-bac7695 elementor-widget__width-initial elementor-widget elementor-widget-text-editor\" data-id=\"bac7695\" data-element_type=\"widget\" data-e-type=\"widget\" data-widget_type=\"text-editor.default\">\n\t\t\t\t<div class=\"elementor-widget-container\">\n\t\t\t\t\t\t\t\t\t<div id=\"magicdomid191\" class=\"ace-line\" spellcheck=\"true\" aria-live=\"assertive\"><span class=\"\">La section EURO en Espagnol a un partenariat fort avec le lyc\u00e9e SA PALOMERA de Blanes (Catalogne) depuis 2008 (\u00a0<\/span><span class=\" url\"><a href=\"https:\/\/www.sapalomera.cat\/\" rel=\"noreferrer noopener\">https:\/\/www.sapalomera.cat\/<\/a><\/span><span class=\"\">\u00a0). Des \u00e9changes r\u00e9ciproques ont lieu chaque ann\u00e9e entre les 2 \u00e9tablissements et valorisent le travail des lyc\u00e9ens en section Euro. Ce partenariat permettra d&rsquo;envoyer chaque ann\u00e9e 1 ou 2 lyc\u00e9ens (stage de 1 mois)\u00a0 au Jardin Botanique Marimurtra (\u00a0<\/span><span class=\" url\"><a href=\"https:\/\/marimurtra.cat\/fr\/\" rel=\"noreferrer noopener\">https:\/\/marimurtra.cat\/fr\/<\/a><\/span><span class=\"\">\u00a0).\u00a0\u00a0 D&rsquo;autres partenariats sont en pr\u00e9paration.<\/span><\/div><div id=\"magicdomid192\" class=\"ace-line\" spellcheck=\"true\" aria-live=\"assertive\">\u00a0<\/div><div id=\"magicdomid193\" class=\"ace-line\" spellcheck=\"true\" aria-live=\"assertive\"><span class=\"\">Chaque ann\u00e9e, les \u00e9l\u00e8ves \u00e9tudiant le fran\u00e7ais \u00e0 Blanes puis les \u00e9l\u00e8ves de la section europ\u00e9enne de La Roque, font connaissance au travers de portraits vid\u00e9os, puis ils se rencontrent lors d&rsquo;\u00e9changes. C&rsquo;est l&rsquo;occasion pour eux\u00a0 de progresser en fran\u00e7ais et en espagnol, puis d&rsquo;appr\u00e9hender et de comparer 2 rythmes de vie diff\u00e9rents, 2 r\u00e9alit\u00e9s&#8230;\u00a0<\/span><\/div><div id=\"magicdomid194\" class=\"ace-line\" spellcheck=\"true\" aria-live=\"assertive\"><span class=\"\">Chaque ann\u00e9e, diff\u00e9rentes visites sont r\u00e9alis\u00e9es, alliant des activit\u00e9s \u00e9ducatives et ludiques:\u00a0\u00a0<\/span><\/div><div id=\"magicdomid195\" class=\"ace-line\" spellcheck=\"true\" aria-live=\"assertive\"><span class=\"\">Lors des rencontres \u00e0 Rodez:\u00a0 la forge de Laguiole, le trou de Bozouls, le Mus\u00e9e Soulages de Rodez, le Mus\u00e9e Toulouse-Lautrec d&rsquo;Albi, le Mus\u00e9e Goya de Castres, mais aussi, lors des rencontres \u00e0 Blanes: Barcelone (Quartier Gothique, Parlement Europ\u00e9en), G\u00e9rone, le Jardin Marimurtra de Blanes, la station d&rsquo;\u00e9puration et la mairie de Blanes, autour de la th\u00e9matique de l&rsquo;eau&#8230;<\/span><\/div>\t\t\t\t\t\t\t\t<\/div>\n\t\t\t\t<\/div>\n\t\t\t\t\t<\/div>\n\t\t<\/div>\n\t\t\t\t\t<\/div>\n\t\t<\/section>\n\t\t\t\t\t<\/div>\n\t\t<\/div>\n\t\t\t\t\t<\/div>\n\t\t<\/section>\n\t\t\t\t<\/div>\n\t\t","protected":false},"excerpt":{"rendered":"<p>Section euro Espagne Euro Section \/ Spain section europ\u00e9enne Depuis 2008, les \u00e9l\u00e8ves ont la possibilit\u00e9 de participer \u00e0 la section europ\u00e9enne. Cela consiste en 2h de cours suppl\u00e9mentaires par semaine: 1 h d&rsquo;espagnol, et 1h de DNL (discipline non-linguistique), qui peut \u00eatre de la Physique-Chimie, de la Zootechnie, de l&rsquo;Agronomie, de l&rsquo;Education Socio-Culturelle&#8230; Chaque ann\u00e9e un nouveau projet est port\u00e9 par toute l&rsquo;\u00e9quipe.\u00a0 Par exemple:\u00a0\u00a0\u00a0\u00a0 &#8211; 2016, la section europ\u00e9enne a \u00e9t\u00e9 jury du Festival de Documentaires de Cin\u00e9latino \u00e0 Toulouse,\u00a0\u00a0\u00a0 &#8211; 2017: tournage d&rsquo;un mini-polar,\u00a0\u00a0\u00a0 &#8211; 2018: enregistrement d&rsquo;un journal des bonnes nouvelles, avec Radio Temps Rodez\u00a0\u00a0\u00a0 &#8211; 2019: tournage d&rsquo;un \u00e9pisode de Don Quichotte (avec Mondes et Multitudes) et participation \u00e0 un Festival \u00e0 l&rsquo;Ile de R\u00e9, travail autour du Si\u00e8cle d&rsquo;Or et de l&rsquo;histoire de l&rsquo;Art\u00a0\u00a0\u00a0 &#8211; 2020: L&rsquo;Europe et le Programme Erasmus, \u00e9tude du g\u00e9n\u00e9rique de \u00ab\u00a0L&rsquo;Auberge espagnole\u00a0\u00bb, pr\u00e9paration du tournage de \u00ab\u00a0l&rsquo;histoire d&rsquo;un steak\u00a0\u00bb, inachev\u00e9 pour cause de confinement,\u00a0\u00a0\u00a0 &#8211; 2021: r\u00e9alisation d&rsquo;un court-m\u00e9trage autour des fake-news (Association Mondes et Muntitudes, L&rsquo;Ami des Lobbies)\u00a0\u00a0\u00a0 &#8211; 2022: r\u00e9alisation d&rsquo;un court-m\u00e9trage sur la t\u00e9l\u00e9r\u00e9alit\u00e9, qui a permis d&rsquo;allier l&rsquo;espagnol \u00e0 la Zootechnie (les brebis, la pes\u00e9e des agneaux), mais aussi \u00e0 l&rsquo;Education Socio-Culturelle (\u00e9ducation aux m\u00e9dias, \u00e9tude de la t\u00e9l\u00e9-r\u00e9alit\u00e9). Ce travail a d\u00e9bouch\u00e9 sur le tournage de la bande annonce de la parodie AgriLanta.\u00a0\u00a0\u00a0 &#8211; Projet pour 2023: Atelier d&rsquo;\u00e9criture autour de la vie des migrants, avec William Gex, auteur-compositeur-interpr\u00e8te, puis tournage d&rsquo;un court-m\u00e9trage sur les discriminations (avec Mondes et Multitudes, et l&rsquo;Ami des Lobbbies) Le partenariat avec le lyc\u00e9e de Blanes (Catalogne) La section EURO en Espagnol a un partenariat fort avec le lyc\u00e9e SA PALOMERA de Blanes (Catalogne) depuis 2008 (\u00a0https:\/\/www.sapalomera.cat\/\u00a0). Des \u00e9changes r\u00e9ciproques ont lieu chaque ann\u00e9e entre les 2 \u00e9tablissements et valorisent le travail des lyc\u00e9ens en section Euro. Ce partenariat permettra d&rsquo;envoyer chaque ann\u00e9e 1 ou 2 lyc\u00e9ens (stage de 1 mois)\u00a0 au Jardin Botanique Marimurtra (\u00a0https:\/\/marimurtra.cat\/fr\/\u00a0).\u00a0\u00a0 D&rsquo;autres partenariats sont en pr\u00e9paration.\u00a0Chaque ann\u00e9e, les \u00e9l\u00e8ves \u00e9tudiant le fran\u00e7ais \u00e0 Blanes puis les \u00e9l\u00e8ves de la section europ\u00e9enne de La Roque, font connaissance au travers de portraits vid\u00e9os, puis ils se rencontrent lors d&rsquo;\u00e9changes. C&rsquo;est l&rsquo;occasion pour eux\u00a0 de progresser en fran\u00e7ais et en espagnol, puis d&rsquo;appr\u00e9hender et de comparer 2 rythmes de vie diff\u00e9rents, 2 r\u00e9alit\u00e9s&#8230;\u00a0Chaque ann\u00e9e, diff\u00e9rentes visites sont r\u00e9alis\u00e9es, alliant des activit\u00e9s \u00e9ducatives et ludiques:\u00a0\u00a0Lors des rencontres \u00e0 Rodez:\u00a0 la forge de Laguiole, le trou de Bozouls, le Mus\u00e9e Soulages de Rodez, le Mus\u00e9e Toulouse-Lautrec d&rsquo;Albi, le Mus\u00e9e Goya de Castres, mais aussi, lors des rencontres \u00e0 Blanes: Barcelone (Quartier Gothique, Parlement Europ\u00e9en), G\u00e9rone, le Jardin Marimurtra de Blanes, la station d&rsquo;\u00e9puration et la mairie de Blanes, autour de la th\u00e9matique de l&rsquo;eau&#8230;<\/p>\n","protected":false},"author":2,"featured_media":0,"parent":960,"menu_order":0,"comment_status":"closed","ping_status":"closed","template":"","meta":{"footnotes":""},"class_list":["post-1732","page","type-page","status-publish","hentry"],"jetpack_sharing_enabled":true,"_links":{"self":[{"href":"https:\/\/agricampuslaroque.fr\/index.php\/wp-json\/wp\/v2\/pages\/1732","targetHints":{"allow":["GET"]}}],"collection":[{"href":"https:\/\/agricampuslaroque.fr\/index.php\/wp-json\/wp\/v2\/pages"}],"about":[{"href":"https:\/\/agricampuslaroque.fr\/index.php\/wp-json\/wp\/v2\/types\/page"}],"author":[{"embeddable":true,"href":"https:\/\/agricampuslaroque.fr\/index.php\/wp-json\/wp\/v2\/users\/2"}],"replies":[{"embeddable":true,"href":"https:\/\/agricampuslaroque.fr\/index.php\/wp-json\/wp\/v2\/comments?post=1732"}],"version-history":[{"count":49,"href":"https:\/\/agricampuslaroque.fr\/index.php\/wp-json\/wp\/v2\/pages\/1732\/revisions"}],"predecessor-version":[{"id":5863,"href":"https:\/\/agricampuslaroque.fr\/index.php\/wp-json\/wp\/v2\/pages\/1732\/revisions\/5863"}],"up":[{"embeddable":true,"href":"https:\/\/agricampuslaroque.fr\/index.php\/wp-json\/wp\/v2\/pages\/960"}],"wp:attachment":[{"href":"https:\/\/agricampuslaroque.fr\/index.php\/wp-json\/wp\/v2\/media?parent=1732"}],"curies":[{"name":"wp","href":"https:\/\/api.w.org\/{rel}","templated":true}]}}