{"id":1724,"date":"2023-06-16T08:49:55","date_gmt":"2023-06-16T06:49:55","guid":{"rendered":"https:\/\/agricampuslaroque.fr\/?page_id=1724"},"modified":"2024-07-02T14:43:28","modified_gmt":"2024-07-02T12:43:28","slug":"cameroun-cameroon","status":"publish","type":"page","link":"https:\/\/agricampuslaroque.fr\/index.php\/coop-internationale\/cameroun-cameroon\/","title":{"rendered":"Cameroun \/ Cameroon"},"content":{"rendered":"\t\t<div data-elementor-type=\"wp-page\" data-elementor-id=\"1724\" class=\"elementor elementor-1724\">\n\t\t\t\t\t\t<section class=\"elementor-section elementor-top-section elementor-element elementor-element-1aedc480 elementor-section-height-min-height elementor-section-items-stretch elementor-section-content-top elementor-section-full_width elementor-section-height-default wpr-particle-no wpr-jarallax-no wpr-parallax-no wpr-sticky-section-no wpr-equal-height-no\" data-id=\"1aedc480\" data-element_type=\"section\" data-e-type=\"section\" data-settings=\"{&quot;background_background&quot;:&quot;classic&quot;}\">\n\t\t\t\t\t\t<div class=\"elementor-container elementor-column-gap-default\">\n\t\t\t\t\t<div class=\"elementor-column elementor-col-100 elementor-top-column elementor-element elementor-element-15ec22a2\" data-id=\"15ec22a2\" data-element_type=\"column\" data-e-type=\"column\">\n\t\t\t<div class=\"elementor-widget-wrap elementor-element-populated\">\n\t\t\t\t\t\t<section class=\"elementor-section elementor-inner-section elementor-element elementor-element-69a0e147 elementor-section-boxed elementor-section-height-default elementor-section-height-default wpr-particle-no wpr-jarallax-no wpr-parallax-no wpr-sticky-section-no wpr-equal-height-no\" data-id=\"69a0e147\" data-element_type=\"section\" data-e-type=\"section\">\n\t\t\t\t\t\t<div class=\"elementor-container elementor-column-gap-no\">\n\t\t\t\t\t<div class=\"elementor-column elementor-col-100 elementor-inner-column elementor-element elementor-element-23b8d8d7\" data-id=\"23b8d8d7\" data-element_type=\"column\" data-e-type=\"column\">\n\t\t\t<div class=\"elementor-widget-wrap elementor-element-populated\">\n\t\t\t\t\t\t<div class=\"elementor-element elementor-element-4ec2862d elementor-widget elementor-widget-spacer\" data-id=\"4ec2862d\" data-element_type=\"widget\" data-e-type=\"widget\" data-widget_type=\"spacer.default\">\n\t\t\t\t<div class=\"elementor-widget-container\">\n\t\t\t\t\t\t\t<div class=\"elementor-spacer\">\n\t\t\t<div class=\"elementor-spacer-inner\"><\/div>\n\t\t<\/div>\n\t\t\t\t\t\t<\/div>\n\t\t\t\t<\/div>\n\t\t\t\t<div class=\"elementor-element elementor-element-29ede330 elementor-widget elementor-widget-heading\" data-id=\"29ede330\" data-element_type=\"widget\" data-e-type=\"widget\" data-widget_type=\"heading.default\">\n\t\t\t\t<div class=\"elementor-widget-container\">\n\t\t\t\t\t<h2 class=\"elementor-heading-title elementor-size-default\">Cameroun<\/h2>\t\t\t\t<\/div>\n\t\t\t\t<\/div>\n\t\t\t\t<div class=\"elementor-element elementor-element-382a218c elementor-widget-divider--view-line elementor-invisible elementor-widget elementor-widget-divider\" data-id=\"382a218c\" data-element_type=\"widget\" data-e-type=\"widget\" data-settings=\"{&quot;_animation&quot;:&quot;fadeIn&quot;,&quot;_animation_delay&quot;:&quot;200&quot;}\" data-widget_type=\"divider.default\">\n\t\t\t\t<div class=\"elementor-widget-container\">\n\t\t\t\t\t\t\t<div class=\"elementor-divider\">\n\t\t\t<span class=\"elementor-divider-separator\">\n\t\t\t\t\t\t<\/span>\n\t\t<\/div>\n\t\t\t\t\t\t<\/div>\n\t\t\t\t<\/div>\n\t\t\t\t<div class=\"elementor-element elementor-element-2dd80e0d elementor-widget__width-initial elementor-invisible elementor-widget elementor-widget-heading\" data-id=\"2dd80e0d\" data-element_type=\"widget\" data-e-type=\"widget\" data-settings=\"{&quot;_animation&quot;:&quot;fadeIn&quot;,&quot;_animation_delay&quot;:&quot;400&quot;}\" data-widget_type=\"heading.default\">\n\t\t\t\t<div class=\"elementor-widget-container\">\n\t\t\t\t\t<h2 class=\"elementor-heading-title elementor-size-default\">Cameroon<\/h2>\t\t\t\t<\/div>\n\t\t\t\t<\/div>\n\t\t\t\t\t<\/div>\n\t\t<\/div>\n\t\t\t\t\t<\/div>\n\t\t<\/section>\n\t\t\t\t<div class=\"elementor-element elementor-element-17675627 elementor-widget__width-initial elementor-widget-tablet__width-initial elementor-widget-mobile__width-inherit elementor-absolute elementor-invisible elementor-widget elementor-widget-image\" data-id=\"17675627\" data-element_type=\"widget\" data-e-type=\"widget\" data-settings=\"{&quot;_animation&quot;:&quot;slideInRight&quot;,&quot;_position&quot;:&quot;absolute&quot;}\" data-widget_type=\"image.default\">\n\t\t\t\t<div class=\"elementor-widget-container\">\n\t\t\t\t\t\t\t\t\t\t\t\t\t\t\t<img fetchpriority=\"high\" decoding=\"async\" width=\"960\" height=\"636\" src=\"https:\/\/agricampuslaroque.fr\/wp-content\/uploads\/2023\/06\/cameroun-1024x678.jpg\" class=\"attachment-large size-large wp-image-1763\" alt=\"\" srcset=\"https:\/\/agricampuslaroque.fr\/wp-content\/uploads\/2023\/06\/cameroun-1024x678.jpg 1024w, https:\/\/agricampuslaroque.fr\/wp-content\/uploads\/2023\/06\/cameroun-300x199.jpg 300w, https:\/\/agricampuslaroque.fr\/wp-content\/uploads\/2023\/06\/cameroun-768x508.jpg 768w, https:\/\/agricampuslaroque.fr\/wp-content\/uploads\/2023\/06\/cameroun.jpg 1200w\" sizes=\"(max-width: 960px) 100vw, 960px\" \/>\t\t\t\t\t\t\t\t\t\t\t\t\t\t\t<\/div>\n\t\t\t\t<\/div>\n\t\t\t\t\t<\/div>\n\t\t<\/div>\n\t\t\t\t\t<\/div>\n\t\t<\/section>\n\t\t\t\t<section class=\"elementor-section elementor-top-section elementor-element elementor-element-3fac2b64 elementor-section-boxed elementor-section-height-default elementor-section-height-default wpr-particle-no wpr-jarallax-no wpr-parallax-no wpr-sticky-section-no wpr-equal-height-no\" data-id=\"3fac2b64\" data-element_type=\"section\" data-e-type=\"section\">\n\t\t\t\t\t\t<div class=\"elementor-container elementor-column-gap-no\">\n\t\t\t\t\t<div class=\"elementor-column elementor-col-100 elementor-top-column elementor-element elementor-element-2b5e4a08\" data-id=\"2b5e4a08\" data-element_type=\"column\" data-e-type=\"column\">\n\t\t\t<div class=\"elementor-widget-wrap elementor-element-populated\">\n\t\t\t\t\t\t<div class=\"elementor-element elementor-element-3c38695f elementor-widget elementor-widget-image\" data-id=\"3c38695f\" data-element_type=\"widget\" data-e-type=\"widget\" data-widget_type=\"image.default\">\n\t\t\t\t<div class=\"elementor-widget-container\">\n\t\t\t\t\t\t\t\t\t\t\t\t\t\t\t<img decoding=\"async\" width=\"768\" height=\"768\" src=\"https:\/\/agricampuslaroque.fr\/wp-content\/uploads\/2023\/11\/Cameroun6.webp\" class=\"attachment-full size-full wp-image-3398\" alt=\"\" srcset=\"https:\/\/agricampuslaroque.fr\/wp-content\/uploads\/2023\/11\/Cameroun6.webp 768w, https:\/\/agricampuslaroque.fr\/wp-content\/uploads\/2023\/11\/Cameroun6-300x300.webp 300w, https:\/\/agricampuslaroque.fr\/wp-content\/uploads\/2023\/11\/Cameroun6-150x150.webp 150w\" sizes=\"(max-width: 768px) 100vw, 768px\" \/>\t\t\t\t\t\t\t\t\t\t\t\t\t\t\t<\/div>\n\t\t\t\t<\/div>\n\t\t\t\t<section class=\"elementor-section elementor-inner-section elementor-element elementor-element-7bfcd8c2 elementor-section-boxed elementor-section-height-default elementor-section-height-default wpr-particle-no wpr-jarallax-no wpr-parallax-no wpr-sticky-section-no wpr-equal-height-no\" data-id=\"7bfcd8c2\" data-element_type=\"section\" data-e-type=\"section\">\n\t\t\t\t\t\t<div class=\"elementor-container elementor-column-gap-default\">\n\t\t\t\t\t<div class=\"elementor-column elementor-col-50 elementor-inner-column elementor-element elementor-element-6957f98\" data-id=\"6957f98\" data-element_type=\"column\" data-e-type=\"column\">\n\t\t\t<div class=\"elementor-widget-wrap elementor-element-populated\">\n\t\t\t\t\t\t<div class=\"elementor-element elementor-element-5b10378 elementor-widget-divider--view-line elementor-invisible elementor-widget elementor-widget-divider\" data-id=\"5b10378\" data-element_type=\"widget\" data-e-type=\"widget\" data-settings=\"{&quot;_animation&quot;:&quot;slideInLeft&quot;}\" data-widget_type=\"divider.default\">\n\t\t\t\t<div class=\"elementor-widget-container\">\n\t\t\t\t\t\t\t<div class=\"elementor-divider\">\n\t\t\t<span class=\"elementor-divider-separator\">\n\t\t\t\t\t\t<\/span>\n\t\t<\/div>\n\t\t\t\t\t\t<\/div>\n\t\t\t\t<\/div>\n\t\t\t\t<div class=\"elementor-element elementor-element-5599ec72 elementor-view-default elementor-widget elementor-widget-icon\" data-id=\"5599ec72\" data-element_type=\"widget\" data-e-type=\"widget\" data-widget_type=\"icon.default\">\n\t\t\t\t<div class=\"elementor-widget-container\">\n\t\t\t\t\t\t\t<div class=\"elementor-icon-wrapper\">\n\t\t\t<div class=\"elementor-icon\">\n\t\t\t<i aria-hidden=\"true\" class=\"fas fa-square-full\"><\/i>\t\t\t<\/div>\n\t\t<\/div>\n\t\t\t\t\t\t<\/div>\n\t\t\t\t<\/div>\n\t\t\t\t<div class=\"elementor-element elementor-element-f2898b1 elementor-widget elementor-widget-heading\" data-id=\"f2898b1\" data-element_type=\"widget\" data-e-type=\"widget\" data-widget_type=\"heading.default\">\n\t\t\t\t<div class=\"elementor-widget-container\">\n\t\t\t\t\t<h3 class=\"elementor-heading-title elementor-size-default\">Un lien avec le cameroun<\/h3>\t\t\t\t<\/div>\n\t\t\t\t<\/div>\n\t\t\t\t<div class=\"elementor-element elementor-element-5831ecd2 elementor-widget__width-initial elementor-widget elementor-widget-text-editor\" data-id=\"5831ecd2\" data-element_type=\"widget\" data-e-type=\"widget\" data-widget_type=\"text-editor.default\">\n\t\t\t\t<div class=\"elementor-widget-container\">\n\t\t\t\t\t\t\t\t\t<p><span class=\"\">Depuis 2019, un lien s&rsquo;est cr\u00e9\u00e9 avec l&rsquo;animateur du R\u00e9seau Cameroun de l&rsquo;enseignement agricole.\u00a0<\/span><\/p><p><span class=\"\">Il a d\u00e9bouch\u00e9 tout d&rsquo;abord sur des premiers stages pour des 1\u00e8re STAV (1 mois mi Juin- mi Juillet) dans un parc animalier EcoPark \u00e0 Yaound\u00e9\u00a0<\/span><\/p><p><span class=\" url\"><a href=\"http:\/\/www.camagro.cm\/directory\/index.php\/site\/annuaire\/details\/1777\" rel=\"noreferrer noopener\">http:\/\/www.camagro.cm\/directory\/index.php\/site\/annuaire\/details\/1777<\/a><\/span><span class=\"\">), avec un h\u00e9bergement au centre 3CF (\u00a0<\/span><span class=\" url\"><a href=\"https:\/\/www.3cfcameroun.org\/\" rel=\"noreferrer noopener\">https:\/\/www.3cfcameroun.org\/<\/a><\/span><span class=\"\">\u00a0)<\/span><\/p>\t\t\t\t\t\t\t\t<\/div>\n\t\t\t\t<\/div>\n\t\t\t\t\t<\/div>\n\t\t<\/div>\n\t\t\t\t<div class=\"elementor-column elementor-col-50 elementor-inner-column elementor-element elementor-element-5f0d0614\" data-id=\"5f0d0614\" data-element_type=\"column\" data-e-type=\"column\">\n\t\t\t<div class=\"elementor-widget-wrap elementor-element-populated\">\n\t\t\t\t\t\t<div class=\"elementor-element elementor-element-326d0c03 elementor-widget elementor-widget-google_maps\" data-id=\"326d0c03\" data-element_type=\"widget\" data-e-type=\"widget\" data-widget_type=\"google_maps.default\">\n\t\t\t\t<div class=\"elementor-widget-container\">\n\t\t\t\t\t\t\t<div class=\"elementor-custom-embed\">\n\t\t\t<iframe loading=\"lazy\"\n\t\t\t\t\tsrc=\"https:\/\/maps.google.com\/maps?q=Yaound%C3%A9%2C%20Cameroun&#038;t=m&#038;z=3&#038;output=embed&#038;iwloc=near\"\n\t\t\t\t\ttitle=\"Yaound\u00e9, Cameroun\"\n\t\t\t\t\taria-label=\"Yaound\u00e9, Cameroun\"\n\t\t\t><\/iframe>\n\t\t<\/div>\n\t\t\t\t\t\t<\/div>\n\t\t\t\t<\/div>\n\t\t\t\t\t<\/div>\n\t\t<\/div>\n\t\t\t\t\t<\/div>\n\t\t<\/section>\n\t\t\t\t\t<\/div>\n\t\t<\/div>\n\t\t\t\t\t<\/div>\n\t\t<\/section>\n\t\t\t\t<section class=\"elementor-section elementor-top-section elementor-element elementor-element-85e39c4 elementor-section-boxed elementor-section-height-default elementor-section-height-default wpr-particle-no wpr-jarallax-no wpr-parallax-no wpr-sticky-section-no wpr-equal-height-no\" data-id=\"85e39c4\" data-element_type=\"section\" data-e-type=\"section\">\n\t\t\t\t\t\t<div class=\"elementor-container elementor-column-gap-no\">\n\t\t\t\t\t<div class=\"elementor-column elementor-col-100 elementor-top-column elementor-element elementor-element-8bba113\" data-id=\"8bba113\" data-element_type=\"column\" data-e-type=\"column\">\n\t\t\t<div class=\"elementor-widget-wrap elementor-element-populated\">\n\t\t\t\t\t\t<section class=\"elementor-section elementor-inner-section elementor-element elementor-element-4faf571 elementor-section-boxed elementor-section-height-default elementor-section-height-default wpr-particle-no wpr-jarallax-no wpr-parallax-no wpr-sticky-section-no wpr-equal-height-no\" data-id=\"4faf571\" data-element_type=\"section\" data-e-type=\"section\">\n\t\t\t\t\t\t<div class=\"elementor-container elementor-column-gap-default\">\n\t\t\t\t\t<div class=\"elementor-column elementor-col-50 elementor-inner-column elementor-element elementor-element-2cea105\" data-id=\"2cea105\" data-element_type=\"column\" data-e-type=\"column\">\n\t\t\t<div class=\"elementor-widget-wrap\">\n\t\t\t\t\t\t\t<\/div>\n\t\t<\/div>\n\t\t\t\t<div class=\"elementor-column elementor-col-50 elementor-inner-column elementor-element elementor-element-e22a776\" data-id=\"e22a776\" data-element_type=\"column\" data-e-type=\"column\">\n\t\t\t<div class=\"elementor-widget-wrap elementor-element-populated\">\n\t\t\t\t\t\t<div class=\"elementor-element elementor-element-42b6ee4 elementor-widget-divider--view-line elementor-invisible elementor-widget elementor-widget-divider\" data-id=\"42b6ee4\" data-element_type=\"widget\" data-e-type=\"widget\" data-settings=\"{&quot;_animation&quot;:&quot;slideInRight&quot;}\" data-widget_type=\"divider.default\">\n\t\t\t\t<div class=\"elementor-widget-container\">\n\t\t\t\t\t\t\t<div class=\"elementor-divider\">\n\t\t\t<span class=\"elementor-divider-separator\">\n\t\t\t\t\t\t<\/span>\n\t\t<\/div>\n\t\t\t\t\t\t<\/div>\n\t\t\t\t<\/div>\n\t\t\t\t<div class=\"elementor-element elementor-element-3a68d2a elementor-view-default elementor-widget elementor-widget-icon\" data-id=\"3a68d2a\" data-element_type=\"widget\" data-e-type=\"widget\" data-widget_type=\"icon.default\">\n\t\t\t\t<div class=\"elementor-widget-container\">\n\t\t\t\t\t\t\t<div class=\"elementor-icon-wrapper\">\n\t\t\t<div class=\"elementor-icon\">\n\t\t\t<i aria-hidden=\"true\" class=\"fas fa-square-full\"><\/i>\t\t\t<\/div>\n\t\t<\/div>\n\t\t\t\t\t\t<\/div>\n\t\t\t\t<\/div>\n\t\t\t\t<div class=\"elementor-element elementor-element-c043fb7 elementor-widget elementor-widget-heading\" data-id=\"c043fb7\" data-element_type=\"widget\" data-e-type=\"widget\" data-widget_type=\"heading.default\">\n\t\t\t\t<div class=\"elementor-widget-container\">\n\t\t\t\t\t<h3 class=\"elementor-heading-title elementor-size-default\">Un projet soutenu par le Minist\u00e8re de l'Agriculture : <\/h3>\t\t\t\t<\/div>\n\t\t\t\t<\/div>\n\t\t\t\t<div class=\"elementor-element elementor-element-4e3a508 elementor-widget elementor-widget-image\" data-id=\"4e3a508\" data-element_type=\"widget\" data-e-type=\"widget\" data-widget_type=\"image.default\">\n\t\t\t\t<div class=\"elementor-widget-container\">\n\t\t\t\t\t\t\t\t\t\t\t\t\t\t\t<img decoding=\"async\" width=\"768\" height=\"770\" src=\"https:\/\/agricampuslaroque.fr\/wp-content\/uploads\/2023\/11\/Cameroun7.webp\" class=\"attachment-full size-full wp-image-3397\" alt=\"\" srcset=\"https:\/\/agricampuslaroque.fr\/wp-content\/uploads\/2023\/11\/Cameroun7.webp 768w, https:\/\/agricampuslaroque.fr\/wp-content\/uploads\/2023\/11\/Cameroun7-300x300.webp 300w, https:\/\/agricampuslaroque.fr\/wp-content\/uploads\/2023\/11\/Cameroun7-150x150.webp 150w\" sizes=\"(max-width: 768px) 100vw, 768px\" \/>\t\t\t\t\t\t\t\t\t\t\t\t\t\t\t<\/div>\n\t\t\t\t<\/div>\n\t\t\t\t<div class=\"elementor-element elementor-element-942f34d elementor-widget__width-initial elementor-widget elementor-widget-text-editor\" data-id=\"942f34d\" data-element_type=\"widget\" data-e-type=\"widget\" data-widget_type=\"text-editor.default\">\n\t\t\t\t<div class=\"elementor-widget-container\">\n\t\t\t\t\t\t\t\t\t<div id=\"magicdomid142\" class=\"ace-line\" spellcheck=\"true\" aria-live=\"assertive\"><span class=\"\">Une mission nationale en Avril 2022 a permis \u00e0 5 personnes de l&rsquo;AGRICAMPUS LA ROQUE (Le Directeur de l&rsquo;AGRICAMPUS LA ROQUE &#8211; 2 Enseignantes et 2 lyc\u00e9ennes) de mettre en place un jumelage avec le lyc\u00e9e de DIBOMBARI, qui devrait permettre de d\u00e9velopper des mobilit\u00e9s pour des \u00e9tudiants, notamment de BTS STA (agro-alimentaire).<\/span><br \/><span class=\"\"><br \/><\/span><\/div><div id=\"magicdomid142\" class=\"ace-line\" spellcheck=\"true\" aria-live=\"assertive\"><span class=\"\">Comme les partenaires indiens et tha\u00eflandais, les partenaires camerounais sont tr\u00e8s demandeurs de formation technique et professionnelle en agro-alimentaire.\u00a0<\/span><br \/><span class=\"\"><br \/><\/span><\/div><div id=\"magicdomid142\" class=\"ace-line\" spellcheck=\"true\" aria-live=\"assertive\"><span class=\"\">Ce jumelage doit permettre de r\u00e9pondre \u00e0 cette demande mais aussi d&rsquo;ouvrir nos<\/span><br \/><span class=\"\">\u00a0apprenants \u00e0 d&rsquo;autre cultures et de les former \u00e0 des techniques nouvelles.<\/span><\/div><div id=\"magicdomid142\" class=\"ace-line\" spellcheck=\"true\" aria-live=\"assertive\"><span class=\"\">\u00a0<\/span><\/div><div id=\"magicdomid143\" class=\"ace-line\" spellcheck=\"true\" aria-live=\"assertive\"><span class=\"\">Apr\u00e8s 2 premiers stages en 2022 (1\u00e8re STAV), 3 stages seront r\u00e9alis\u00e9s\u00a0 (Juin\/Juillet 2023). par des \u00e9tudiant.e.s 1\u00e8re STAV\/BTS, avec l&rsquo;envoi de Julien Viargues, responsable production qualit\u00e9 de l&rsquo;atelier agro-alimentaire.<\/span><\/div>\t\t\t\t\t\t\t\t<\/div>\n\t\t\t\t<\/div>\n\t\t\t\t\t<\/div>\n\t\t<\/div>\n\t\t\t\t\t<\/div>\n\t\t<\/section>\n\t\t\t\t\t<\/div>\n\t\t<\/div>\n\t\t\t\t\t<\/div>\n\t\t<\/section>\n\t\t\t\t<\/div>\n\t\t","protected":false},"excerpt":{"rendered":"<p>Cameroun Cameroon Un lien avec le cameroun Depuis 2019, un lien s&rsquo;est cr\u00e9\u00e9 avec l&rsquo;animateur du R\u00e9seau Cameroun de l&rsquo;enseignement agricole.\u00a0 Il a d\u00e9bouch\u00e9 tout d&rsquo;abord sur des premiers stages pour des 1\u00e8re STAV (1 mois mi Juin- mi Juillet) dans un parc animalier EcoPark \u00e0 Yaound\u00e9\u00a0 http:\/\/www.camagro.cm\/directory\/index.php\/site\/annuaire\/details\/1777), avec un h\u00e9bergement au centre 3CF (\u00a0https:\/\/www.3cfcameroun.org\/\u00a0) Un projet soutenu par le Minist\u00e8re de l&rsquo;Agriculture : Une mission nationale en Avril 2022 a permis \u00e0 5 personnes de l&rsquo;AGRICAMPUS LA ROQUE (Le Directeur de l&rsquo;AGRICAMPUS LA ROQUE &#8211; 2 Enseignantes et 2 lyc\u00e9ennes) de mettre en place un jumelage avec le lyc\u00e9e de DIBOMBARI, qui devrait permettre de d\u00e9velopper des mobilit\u00e9s pour des \u00e9tudiants, notamment de BTS STA (agro-alimentaire). Comme les partenaires indiens et tha\u00eflandais, les partenaires camerounais sont tr\u00e8s demandeurs de formation technique et professionnelle en agro-alimentaire.\u00a0 Ce jumelage doit permettre de r\u00e9pondre \u00e0 cette demande mais aussi d&rsquo;ouvrir nos\u00a0apprenants \u00e0 d&rsquo;autre cultures et de les former \u00e0 des techniques nouvelles.\u00a0Apr\u00e8s 2 premiers stages en 2022 (1\u00e8re STAV), 3 stages seront r\u00e9alis\u00e9s\u00a0 (Juin\/Juillet 2023). par des \u00e9tudiant.e.s 1\u00e8re STAV\/BTS, avec l&rsquo;envoi de Julien Viargues, responsable production qualit\u00e9 de l&rsquo;atelier agro-alimentaire.<\/p>\n","protected":false},"author":2,"featured_media":0,"parent":960,"menu_order":0,"comment_status":"closed","ping_status":"closed","template":"","meta":{"footnotes":""},"class_list":["post-1724","page","type-page","status-publish","hentry"],"jetpack_sharing_enabled":true,"_links":{"self":[{"href":"https:\/\/agricampuslaroque.fr\/index.php\/wp-json\/wp\/v2\/pages\/1724","targetHints":{"allow":["GET"]}}],"collection":[{"href":"https:\/\/agricampuslaroque.fr\/index.php\/wp-json\/wp\/v2\/pages"}],"about":[{"href":"https:\/\/agricampuslaroque.fr\/index.php\/wp-json\/wp\/v2\/types\/page"}],"author":[{"embeddable":true,"href":"https:\/\/agricampuslaroque.fr\/index.php\/wp-json\/wp\/v2\/users\/2"}],"replies":[{"embeddable":true,"href":"https:\/\/agricampuslaroque.fr\/index.php\/wp-json\/wp\/v2\/comments?post=1724"}],"version-history":[{"count":10,"href":"https:\/\/agricampuslaroque.fr\/index.php\/wp-json\/wp\/v2\/pages\/1724\/revisions"}],"predecessor-version":[{"id":5869,"href":"https:\/\/agricampuslaroque.fr\/index.php\/wp-json\/wp\/v2\/pages\/1724\/revisions\/5869"}],"up":[{"embeddable":true,"href":"https:\/\/agricampuslaroque.fr\/index.php\/wp-json\/wp\/v2\/pages\/960"}],"wp:attachment":[{"href":"https:\/\/agricampuslaroque.fr\/index.php\/wp-json\/wp\/v2\/media?parent=1724"}],"curies":[{"name":"wp","href":"https:\/\/api.w.org\/{rel}","templated":true}]}}