{"id":1720,"date":"2023-06-16T08:48:10","date_gmt":"2023-06-16T06:48:10","guid":{"rendered":"https:\/\/agricampuslaroque.fr\/?page_id=1720"},"modified":"2024-07-09T15:27:17","modified_gmt":"2024-07-09T13:27:17","slug":"inde-india","status":"publish","type":"page","link":"https:\/\/agricampuslaroque.fr\/index.php\/coop-internationale\/inde-india\/","title":{"rendered":"Inde \/ India"},"content":{"rendered":"\t\t<div data-elementor-type=\"wp-page\" data-elementor-id=\"1720\" class=\"elementor elementor-1720\">\n\t\t\t\t\t\t<section class=\"elementor-section elementor-top-section elementor-element elementor-element-2e15037e elementor-section-height-min-height elementor-section-items-stretch elementor-section-content-top elementor-section-full_width elementor-section-height-default wpr-particle-no wpr-jarallax-no wpr-parallax-no wpr-sticky-section-no wpr-equal-height-no\" data-id=\"2e15037e\" data-element_type=\"section\" data-e-type=\"section\" data-settings=\"{&quot;background_background&quot;:&quot;classic&quot;}\">\n\t\t\t\t\t\t<div class=\"elementor-container elementor-column-gap-default\">\n\t\t\t\t\t<div class=\"elementor-column elementor-col-100 elementor-top-column elementor-element elementor-element-4dbee022\" data-id=\"4dbee022\" data-element_type=\"column\" data-e-type=\"column\">\n\t\t\t<div class=\"elementor-widget-wrap elementor-element-populated\">\n\t\t\t\t\t\t<section class=\"elementor-section elementor-inner-section elementor-element elementor-element-379e9fed elementor-section-boxed elementor-section-height-default elementor-section-height-default wpr-particle-no wpr-jarallax-no wpr-parallax-no wpr-sticky-section-no wpr-equal-height-no\" data-id=\"379e9fed\" data-element_type=\"section\" data-e-type=\"section\">\n\t\t\t\t\t\t<div class=\"elementor-container elementor-column-gap-no\">\n\t\t\t\t\t<div class=\"elementor-column elementor-col-100 elementor-inner-column elementor-element elementor-element-465e6644\" data-id=\"465e6644\" data-element_type=\"column\" data-e-type=\"column\">\n\t\t\t<div class=\"elementor-widget-wrap elementor-element-populated\">\n\t\t\t\t\t\t<div class=\"elementor-element elementor-element-5ba37ae1 elementor-widget elementor-widget-spacer\" data-id=\"5ba37ae1\" data-element_type=\"widget\" data-e-type=\"widget\" data-widget_type=\"spacer.default\">\n\t\t\t\t<div class=\"elementor-widget-container\">\n\t\t\t\t\t\t\t<div class=\"elementor-spacer\">\n\t\t\t<div class=\"elementor-spacer-inner\"><\/div>\n\t\t<\/div>\n\t\t\t\t\t\t<\/div>\n\t\t\t\t<\/div>\n\t\t\t\t<div class=\"elementor-element elementor-element-70868b23 elementor-widget elementor-widget-heading\" data-id=\"70868b23\" data-element_type=\"widget\" data-e-type=\"widget\" data-widget_type=\"heading.default\">\n\t\t\t\t<div class=\"elementor-widget-container\">\n\t\t\t\t\t<h2 class=\"elementor-heading-title elementor-size-default\">Inde<\/h2>\t\t\t\t<\/div>\n\t\t\t\t<\/div>\n\t\t\t\t<div class=\"elementor-element elementor-element-11bffae1 elementor-widget-divider--view-line elementor-invisible elementor-widget elementor-widget-divider\" data-id=\"11bffae1\" data-element_type=\"widget\" data-e-type=\"widget\" data-settings=\"{&quot;_animation&quot;:&quot;fadeIn&quot;,&quot;_animation_delay&quot;:&quot;200&quot;}\" data-widget_type=\"divider.default\">\n\t\t\t\t<div class=\"elementor-widget-container\">\n\t\t\t\t\t\t\t<div class=\"elementor-divider\">\n\t\t\t<span class=\"elementor-divider-separator\">\n\t\t\t\t\t\t<\/span>\n\t\t<\/div>\n\t\t\t\t\t\t<\/div>\n\t\t\t\t<\/div>\n\t\t\t\t<div class=\"elementor-element elementor-element-67da4f3 elementor-widget__width-initial elementor-invisible elementor-widget elementor-widget-heading\" data-id=\"67da4f3\" data-element_type=\"widget\" data-e-type=\"widget\" data-settings=\"{&quot;_animation&quot;:&quot;fadeIn&quot;,&quot;_animation_delay&quot;:&quot;400&quot;}\" data-widget_type=\"heading.default\">\n\t\t\t\t<div class=\"elementor-widget-container\">\n\t\t\t\t\t<h2 class=\"elementor-heading-title elementor-size-default\">INDIA<\/h2>\t\t\t\t<\/div>\n\t\t\t\t<\/div>\n\t\t\t\t\t<\/div>\n\t\t<\/div>\n\t\t\t\t\t<\/div>\n\t\t<\/section>\n\t\t\t\t<div class=\"elementor-element elementor-element-4fac23fb elementor-widget__width-initial elementor-widget-tablet__width-initial elementor-widget-mobile__width-inherit elementor-absolute elementor-invisible elementor-widget elementor-widget-image\" data-id=\"4fac23fb\" data-element_type=\"widget\" data-e-type=\"widget\" data-settings=\"{&quot;_animation&quot;:&quot;slideInRight&quot;,&quot;_position&quot;:&quot;absolute&quot;}\" data-widget_type=\"image.default\">\n\t\t\t\t<div class=\"elementor-widget-container\">\n\t\t\t\t\t\t\t\t\t\t\t\t\t\t\t<img fetchpriority=\"high\" decoding=\"async\" width=\"825\" height=\"550\" src=\"https:\/\/agricampuslaroque.fr\/wp-content\/uploads\/2023\/06\/inde.jpg\" class=\"attachment-large size-large wp-image-1767\" alt=\"\" srcset=\"https:\/\/agricampuslaroque.fr\/wp-content\/uploads\/2023\/06\/inde.jpg 825w, https:\/\/agricampuslaroque.fr\/wp-content\/uploads\/2023\/06\/inde-300x200.jpg 300w, https:\/\/agricampuslaroque.fr\/wp-content\/uploads\/2023\/06\/inde-768x512.jpg 768w\" sizes=\"(max-width: 825px) 100vw, 825px\" \/>\t\t\t\t\t\t\t\t\t\t\t\t\t\t\t<\/div>\n\t\t\t\t<\/div>\n\t\t\t\t\t<\/div>\n\t\t<\/div>\n\t\t\t\t\t<\/div>\n\t\t<\/section>\n\t\t\t\t<section class=\"elementor-section elementor-top-section elementor-element elementor-element-51fa00f7 elementor-section-boxed elementor-section-height-default elementor-section-height-default wpr-particle-no wpr-jarallax-no wpr-parallax-no wpr-sticky-section-no wpr-equal-height-no\" data-id=\"51fa00f7\" data-element_type=\"section\" data-e-type=\"section\">\n\t\t\t\t\t\t<div class=\"elementor-container elementor-column-gap-no\">\n\t\t\t\t\t<div class=\"elementor-column elementor-col-100 elementor-top-column elementor-element elementor-element-7ea17698\" data-id=\"7ea17698\" data-element_type=\"column\" data-e-type=\"column\">\n\t\t\t<div class=\"elementor-widget-wrap elementor-element-populated\">\n\t\t\t\t\t\t<div class=\"elementor-element elementor-element-7a21fbc7 elementor-widget elementor-widget-image\" data-id=\"7a21fbc7\" data-element_type=\"widget\" data-e-type=\"widget\" data-widget_type=\"image.default\">\n\t\t\t\t<div class=\"elementor-widget-container\">\n\t\t\t\t\t\t\t\t\t\t\t\t\t\t\t<img decoding=\"async\" width=\"2040\" height=\"1530\" src=\"https:\/\/agricampuslaroque.fr\/wp-content\/uploads\/2024\/07\/LES-BTS-ANA-AVEC-SIMRAN-ET-JAYANT-2-ETUDIANTS-INDIENS-2024.png\" class=\"attachment-full size-full wp-image-6090\" alt=\"\" srcset=\"https:\/\/agricampuslaroque.fr\/wp-content\/uploads\/2024\/07\/LES-BTS-ANA-AVEC-SIMRAN-ET-JAYANT-2-ETUDIANTS-INDIENS-2024.png 2040w, https:\/\/agricampuslaroque.fr\/wp-content\/uploads\/2024\/07\/LES-BTS-ANA-AVEC-SIMRAN-ET-JAYANT-2-ETUDIANTS-INDIENS-2024-300x225.png 300w, https:\/\/agricampuslaroque.fr\/wp-content\/uploads\/2024\/07\/LES-BTS-ANA-AVEC-SIMRAN-ET-JAYANT-2-ETUDIANTS-INDIENS-2024-1024x768.png 1024w, https:\/\/agricampuslaroque.fr\/wp-content\/uploads\/2024\/07\/LES-BTS-ANA-AVEC-SIMRAN-ET-JAYANT-2-ETUDIANTS-INDIENS-2024-768x576.png 768w, https:\/\/agricampuslaroque.fr\/wp-content\/uploads\/2024\/07\/LES-BTS-ANA-AVEC-SIMRAN-ET-JAYANT-2-ETUDIANTS-INDIENS-2024-1536x1152.png 1536w\" sizes=\"(max-width: 2040px) 100vw, 2040px\" \/>\t\t\t\t\t\t\t\t\t\t\t\t\t\t\t<\/div>\n\t\t\t\t<\/div>\n\t\t\t\t<section class=\"elementor-section elementor-inner-section elementor-element elementor-element-658f5645 elementor-section-boxed elementor-section-height-default elementor-section-height-default wpr-particle-no wpr-jarallax-no wpr-parallax-no wpr-sticky-section-no wpr-equal-height-no\" data-id=\"658f5645\" data-element_type=\"section\" data-e-type=\"section\">\n\t\t\t\t\t\t<div class=\"elementor-container elementor-column-gap-default\">\n\t\t\t\t\t<div class=\"elementor-column elementor-col-50 elementor-inner-column elementor-element elementor-element-20a9193d\" data-id=\"20a9193d\" data-element_type=\"column\" data-e-type=\"column\">\n\t\t\t<div class=\"elementor-widget-wrap elementor-element-populated\">\n\t\t\t\t\t\t<div class=\"elementor-element elementor-element-257e2f9d elementor-widget-divider--view-line elementor-invisible elementor-widget elementor-widget-divider\" data-id=\"257e2f9d\" data-element_type=\"widget\" data-e-type=\"widget\" data-settings=\"{&quot;_animation&quot;:&quot;slideInLeft&quot;}\" data-widget_type=\"divider.default\">\n\t\t\t\t<div class=\"elementor-widget-container\">\n\t\t\t\t\t\t\t<div class=\"elementor-divider\">\n\t\t\t<span class=\"elementor-divider-separator\">\n\t\t\t\t\t\t<\/span>\n\t\t<\/div>\n\t\t\t\t\t\t<\/div>\n\t\t\t\t<\/div>\n\t\t\t\t<div class=\"elementor-element elementor-element-31f5d7a7 elementor-view-default elementor-widget elementor-widget-icon\" data-id=\"31f5d7a7\" data-element_type=\"widget\" data-e-type=\"widget\" data-widget_type=\"icon.default\">\n\t\t\t\t<div class=\"elementor-widget-container\">\n\t\t\t\t\t\t\t<div class=\"elementor-icon-wrapper\">\n\t\t\t<div class=\"elementor-icon\">\n\t\t\t<i aria-hidden=\"true\" class=\"fas fa-square-full\"><\/i>\t\t\t<\/div>\n\t\t<\/div>\n\t\t\t\t\t\t<\/div>\n\t\t\t\t<\/div>\n\t\t\t\t<div class=\"elementor-element elementor-element-2af7a0eb elementor-widget elementor-widget-heading\" data-id=\"2af7a0eb\" data-element_type=\"widget\" data-e-type=\"widget\" data-widget_type=\"heading.default\">\n\t\t\t\t<div class=\"elementor-widget-container\">\n\t\t\t\t\t<h3 class=\"elementor-heading-title elementor-size-default\">LA ROQUE TOTALEMENT IMPLIQU\u00c9E DANS LE PROGRAMME DEFIAA<\/h3>\t\t\t\t<\/div>\n\t\t\t\t<\/div>\n\t\t\t\t<div class=\"elementor-element elementor-element-2748be96 elementor-widget__width-initial elementor-widget elementor-widget-text-editor\" data-id=\"2748be96\" data-element_type=\"widget\" data-e-type=\"widget\" data-widget_type=\"text-editor.default\">\n\t\t\t\t<div class=\"elementor-widget-container\">\n\t\t\t\t\t\t\t\t\t<div id=\"magicdomid92\" class=\"ace-line\" spellcheck=\"true\" aria-live=\"assertive\"><span class=\"\">Depuis 2015, l&rsquo;AGRICAMPUS a rejoint le programme franco-Indien DEFIAA ( Developping French Indian Exchanges in Agrofood and Agronomy).<\/span><\/div><div spellcheck=\"true\" aria-live=\"assertive\">\u00a0<\/div><div spellcheck=\"true\" aria-live=\"assertive\"><div id=\"magicdomid94\" class=\"ace-line\" spellcheck=\"true\" aria-live=\"assertive\"><span class=\"\">Soutenu par le Minist\u00e8re de l&rsquo;Agriculture et le R\u00e9seau Inde de l&rsquo;enseignement agricole et l&rsquo;Ambassade de France \u00e0 New Delhi, le programme DEFIAA est un consortium d\u2019institutions agricoles fran\u00e7aises d\u00e9sireuses d\u2019accueillir une quinzaine d&rsquo; \u00e9tudiant.e.s s\u00e9lectionn\u00e9.e.s de la prestigieuse universit\u00e9 agricole de Pantanagar (250 kms de Delhi au pied de l&rsquo;Himalaya &#8211;\u00a0 tr\u00e8s demandeuse de formations pratiques et techniques en agro-alimentaire et agricoles &#8211;\u00a0<\/span><span class=\" url\"><a href=\"https:\/\/www.gbpuat.ac.in\/\" rel=\"noreferrer noopener\">https:\/\/www.gbpuat.ac.in\/<\/a><\/span><span class=\"\">) pour des stages de 2 mois et de s\u00e9lectionner une vingtaine d&rsquo;\u00e9tudiant(e)s fran\u00e7ais au niveau national pour des stages de 4 semaines (Fin Juillet &#8211; Fin Ao\u00fbt)<\/span><\/div><div spellcheck=\"true\" aria-live=\"assertive\">\u00a0<\/div><\/div><div spellcheck=\"true\" aria-live=\"assertive\">Chaque \u00e9tablissement s\u00e9lectionne entre 2 et 4 BTS (suivant le nombre de places disponibles au niveau national). Les \u00e9tudiant.e.s sont alors pris en charge par les responsables du R\u00e9seau Inde de l&rsquo;Enseignement Agricole, participent \u00e0 des journ\u00e9es de pr\u00e9paration au d\u00e9part et vivent ensuite une exp\u00e9rience inoubliable dans l&rsquo;universit\u00e9 indienne, compl\u00e9tement pris en charge par l&rsquo;universit\u00e9 de Pantnagar.<\/div><div spellcheck=\"true\" aria-live=\"assertive\"><div id=\"magicdomid95\" class=\"ace-line\" spellcheck=\"true\" aria-live=\"assertive\">\u00a0<\/div><\/div><div id=\"magicdomid93\" class=\"ace-line\" spellcheck=\"true\" aria-live=\"assertive\">\u00a0<\/div>\t\t\t\t\t\t\t\t<\/div>\n\t\t\t\t<\/div>\n\t\t\t\t\t<\/div>\n\t\t<\/div>\n\t\t\t\t<div class=\"elementor-column elementor-col-50 elementor-inner-column elementor-element elementor-element-301a59c4\" data-id=\"301a59c4\" data-element_type=\"column\" data-e-type=\"column\">\n\t\t\t<div class=\"elementor-widget-wrap elementor-element-populated\">\n\t\t\t\t\t\t<div class=\"elementor-element elementor-element-46f197fe elementor-widget elementor-widget-google_maps\" data-id=\"46f197fe\" data-element_type=\"widget\" data-e-type=\"widget\" data-widget_type=\"google_maps.default\">\n\t\t\t\t<div class=\"elementor-widget-container\">\n\t\t\t\t\t\t\t<div class=\"elementor-custom-embed\">\n\t\t\t<iframe loading=\"lazy\"\n\t\t\t\t\tsrc=\"https:\/\/maps.google.com\/maps?q=New%20Delhi%2C%20Inde&#038;t=m&#038;z=3&#038;output=embed&#038;iwloc=near\"\n\t\t\t\t\ttitle=\"New Delhi, Inde\"\n\t\t\t\t\taria-label=\"New Delhi, Inde\"\n\t\t\t><\/iframe>\n\t\t<\/div>\n\t\t\t\t\t\t<\/div>\n\t\t\t\t<\/div>\n\t\t\t\t\t<\/div>\n\t\t<\/div>\n\t\t\t\t\t<\/div>\n\t\t<\/section>\n\t\t\t\t\t<\/div>\n\t\t<\/div>\n\t\t\t\t\t<\/div>\n\t\t<\/section>\n\t\t\t\t<section class=\"elementor-section elementor-top-section elementor-element elementor-element-9d493a7 elementor-section-boxed elementor-section-height-default elementor-section-height-default wpr-particle-no wpr-jarallax-no wpr-parallax-no wpr-sticky-section-no wpr-equal-height-no\" data-id=\"9d493a7\" data-element_type=\"section\" data-e-type=\"section\">\n\t\t\t\t\t\t<div class=\"elementor-container elementor-column-gap-no\">\n\t\t\t\t\t<div class=\"elementor-column elementor-col-100 elementor-top-column elementor-element elementor-element-00c3885\" data-id=\"00c3885\" data-element_type=\"column\" data-e-type=\"column\">\n\t\t\t<div class=\"elementor-widget-wrap elementor-element-populated\">\n\t\t\t\t\t\t<div class=\"elementor-element elementor-element-b4d3d45 elementor-widget elementor-widget-image\" data-id=\"b4d3d45\" data-element_type=\"widget\" data-e-type=\"widget\" data-widget_type=\"image.default\">\n\t\t\t\t<div class=\"elementor-widget-container\">\n\t\t\t\t\t\t\t\t\t\t\t\t\t\t\t<img decoding=\"async\" src=\"https:\/\/cdn.generationvoyage.fr\/2019\/06\/jaisalmer-thar-desert-e1561470462317.jpg\" title=\"\" alt=\"\" loading=\"lazy\" \/>\t\t\t\t\t\t\t\t\t\t\t\t\t\t\t<\/div>\n\t\t\t\t<\/div>\n\t\t\t\t<section class=\"elementor-section elementor-inner-section elementor-element elementor-element-ddb926d elementor-section-boxed elementor-section-height-default elementor-section-height-default wpr-particle-no wpr-jarallax-no wpr-parallax-no wpr-sticky-section-no wpr-equal-height-no\" data-id=\"ddb926d\" data-element_type=\"section\" data-e-type=\"section\">\n\t\t\t\t\t\t<div class=\"elementor-container elementor-column-gap-default\">\n\t\t\t\t\t<div class=\"elementor-column elementor-col-50 elementor-inner-column elementor-element elementor-element-9c4639f\" data-id=\"9c4639f\" data-element_type=\"column\" data-e-type=\"column\">\n\t\t\t<div class=\"elementor-widget-wrap\">\n\t\t\t\t\t\t\t<\/div>\n\t\t<\/div>\n\t\t\t\t<div class=\"elementor-column elementor-col-50 elementor-inner-column elementor-element elementor-element-5c656a6\" data-id=\"5c656a6\" data-element_type=\"column\" data-e-type=\"column\">\n\t\t\t<div class=\"elementor-widget-wrap elementor-element-populated\">\n\t\t\t\t\t\t<div class=\"elementor-element elementor-element-45eefd8 elementor-widget-divider--view-line elementor-invisible elementor-widget elementor-widget-divider\" data-id=\"45eefd8\" data-element_type=\"widget\" data-e-type=\"widget\" data-settings=\"{&quot;_animation&quot;:&quot;slideInRight&quot;}\" data-widget_type=\"divider.default\">\n\t\t\t\t<div class=\"elementor-widget-container\">\n\t\t\t\t\t\t\t<div class=\"elementor-divider\">\n\t\t\t<span class=\"elementor-divider-separator\">\n\t\t\t\t\t\t<\/span>\n\t\t<\/div>\n\t\t\t\t\t\t<\/div>\n\t\t\t\t<\/div>\n\t\t\t\t<div class=\"elementor-element elementor-element-531a949 elementor-view-default elementor-widget elementor-widget-icon\" data-id=\"531a949\" data-element_type=\"widget\" data-e-type=\"widget\" data-widget_type=\"icon.default\">\n\t\t\t\t<div class=\"elementor-widget-container\">\n\t\t\t\t\t\t\t<div class=\"elementor-icon-wrapper\">\n\t\t\t<div class=\"elementor-icon\">\n\t\t\t<i aria-hidden=\"true\" class=\"fas fa-square-full\"><\/i>\t\t\t<\/div>\n\t\t<\/div>\n\t\t\t\t\t\t<\/div>\n\t\t\t\t<\/div>\n\t\t\t\t<div class=\"elementor-element elementor-element-4239366 elementor-widget__width-initial elementor-widget elementor-widget-text-editor\" data-id=\"4239366\" data-element_type=\"widget\" data-e-type=\"widget\" data-widget_type=\"text-editor.default\">\n\t\t\t\t<div class=\"elementor-widget-container\">\n\t\t\t\t\t\t\t\t\t<p>Jean-christophe Ygri\u00e9, enseignant d&rsquo;anglais sur l&rsquo;AGRICAMPUS LA ROQUE travaille avec l&rsquo;Inde depuis 2004, a mis en place ce partenariat pour le minist\u00e8re et a g\u00e9r\u00e9 le r\u00e9seau Inde de l&rsquo;enseignement agricole pendant de nombreuses ann\u00e9es.\u00a0 Cela permet aux \u00e9tudiant.e.s de LA Roque de pouvoir b\u00e9n\u00e9ficier d&rsquo;un soutien important et de partir en Inde dans des conditions particuli\u00e8res et favorables.<\/p><p><span class=\"\">Le contexte sanitaire n&rsquo;ayant pas permis de r\u00e9aliser les \u00e9changes pendant la pand\u00e9mie , les projets vont red\u00e9marrer en 2023\/2024 avec l&rsquo;accueil d&rsquo;\u00e9tudiantes indiennes en Mars 2023 et l&rsquo;envoi de 2 \u00e9tudiant(e)s en stage pe<\/span><span class=\"author-a-az82zqz68z8lz76zh71z67zz78zqfq6\">n<\/span><span class=\"\">dant l&rsquo;\u00e9t\u00e9 2023.<\/span><\/p><div id=\"magicdomid102\" class=\"ace-line\" spellcheck=\"true\" aria-live=\"assertive\"><span class=\"\">Plus d&rsquo;info sur la chaine You Tube DEFIAA :\u00a0<\/span><span class=\" url\"><a href=\"https:\/\/www.youtube.com\/channel\/UC8GXAy5vA365QxlFibjSToQ\" rel=\"noreferrer noopener\">https:\/\/www.youtube.com\/channel\/UC8GXAy5vA365QxlFibjSToQ<\/a><\/span><\/div><div id=\"magicdomid103\" class=\"ace-line\" spellcheck=\"true\" aria-live=\"assertive\"><span class=\"\">, sur le site DEFIAA (en anglais) :\u00a0<\/span><span class=\" url\"><a href=\"https:\/\/defiaa.wordpress.com\/\" rel=\"noreferrer noopener\">https:\/\/defiaa.wordpress.com\/<\/a><\/span><span class=\"\">\u00a0et sur le site Portail Coop :\u00a0<\/span><span class=\" url\"><a href=\"https:\/\/portailcoop.educagri.fr\/quest-ce-que-defiaa\/\" rel=\"noreferrer noopener\">https:\/\/portailcoop.educagri.fr\/quest-ce-que-defiaa\/<\/a><\/span><\/div>\t\t\t\t\t\t\t\t<\/div>\n\t\t\t\t<\/div>\n\t\t\t\t\t<\/div>\n\t\t<\/div>\n\t\t\t\t\t<\/div>\n\t\t<\/section>\n\t\t\t\t\t<\/div>\n\t\t<\/div>\n\t\t\t\t\t<\/div>\n\t\t<\/section>\n\t\t\t\t<\/div>\n\t\t","protected":false},"excerpt":{"rendered":"<p>Inde INDIA LA ROQUE TOTALEMENT IMPLIQU\u00c9E DANS LE PROGRAMME DEFIAA Depuis 2015, l&rsquo;AGRICAMPUS a rejoint le programme franco-Indien DEFIAA ( Developping French Indian Exchanges in Agrofood and Agronomy).\u00a0Soutenu par le Minist\u00e8re de l&rsquo;Agriculture et le R\u00e9seau Inde de l&rsquo;enseignement agricole et l&rsquo;Ambassade de France \u00e0 New Delhi, le programme DEFIAA est un consortium d\u2019institutions agricoles fran\u00e7aises d\u00e9sireuses d\u2019accueillir une quinzaine d&rsquo; \u00e9tudiant.e.s s\u00e9lectionn\u00e9.e.s de la prestigieuse universit\u00e9 agricole de Pantanagar (250 kms de Delhi au pied de l&rsquo;Himalaya &#8211;\u00a0 tr\u00e8s demandeuse de formations pratiques et techniques en agro-alimentaire et agricoles &#8211;\u00a0https:\/\/www.gbpuat.ac.in\/) pour des stages de 2 mois et de s\u00e9lectionner une vingtaine d&rsquo;\u00e9tudiant(e)s fran\u00e7ais au niveau national pour des stages de 4 semaines (Fin Juillet &#8211; Fin Ao\u00fbt)\u00a0Chaque \u00e9tablissement s\u00e9lectionne entre 2 et 4 BTS (suivant le nombre de places disponibles au niveau national). Les \u00e9tudiant.e.s sont alors pris en charge par les responsables du R\u00e9seau Inde de l&rsquo;Enseignement Agricole, participent \u00e0 des journ\u00e9es de pr\u00e9paration au d\u00e9part et vivent ensuite une exp\u00e9rience inoubliable dans l&rsquo;universit\u00e9 indienne, compl\u00e9tement pris en charge par l&rsquo;universit\u00e9 de Pantnagar.\u00a0\u00a0 Jean-christophe Ygri\u00e9, enseignant d&rsquo;anglais sur l&rsquo;AGRICAMPUS LA ROQUE travaille avec l&rsquo;Inde depuis 2004, a mis en place ce partenariat pour le minist\u00e8re et a g\u00e9r\u00e9 le r\u00e9seau Inde de l&rsquo;enseignement agricole pendant de nombreuses ann\u00e9es.\u00a0 Cela permet aux \u00e9tudiant.e.s de LA Roque de pouvoir b\u00e9n\u00e9ficier d&rsquo;un soutien important et de partir en Inde dans des conditions particuli\u00e8res et favorables. Le contexte sanitaire n&rsquo;ayant pas permis de r\u00e9aliser les \u00e9changes pendant la pand\u00e9mie , les projets vont red\u00e9marrer en 2023\/2024 avec l&rsquo;accueil d&rsquo;\u00e9tudiantes indiennes en Mars 2023 et l&rsquo;envoi de 2 \u00e9tudiant(e)s en stage pendant l&rsquo;\u00e9t\u00e9 2023. Plus d&rsquo;info sur la chaine You Tube DEFIAA :\u00a0https:\/\/www.youtube.com\/channel\/UC8GXAy5vA365QxlFibjSToQ, sur le site DEFIAA (en anglais) :\u00a0https:\/\/defiaa.wordpress.com\/\u00a0et sur le site Portail Coop :\u00a0https:\/\/portailcoop.educagri.fr\/quest-ce-que-defiaa\/<\/p>\n","protected":false},"author":2,"featured_media":0,"parent":960,"menu_order":0,"comment_status":"closed","ping_status":"closed","template":"","meta":{"footnotes":""},"class_list":["post-1720","page","type-page","status-publish","hentry"],"jetpack_sharing_enabled":true,"_links":{"self":[{"href":"https:\/\/agricampuslaroque.fr\/index.php\/wp-json\/wp\/v2\/pages\/1720","targetHints":{"allow":["GET"]}}],"collection":[{"href":"https:\/\/agricampuslaroque.fr\/index.php\/wp-json\/wp\/v2\/pages"}],"about":[{"href":"https:\/\/agricampuslaroque.fr\/index.php\/wp-json\/wp\/v2\/types\/page"}],"author":[{"embeddable":true,"href":"https:\/\/agricampuslaroque.fr\/index.php\/wp-json\/wp\/v2\/users\/2"}],"replies":[{"embeddable":true,"href":"https:\/\/agricampuslaroque.fr\/index.php\/wp-json\/wp\/v2\/comments?post=1720"}],"version-history":[{"count":26,"href":"https:\/\/agricampuslaroque.fr\/index.php\/wp-json\/wp\/v2\/pages\/1720\/revisions"}],"predecessor-version":[{"id":6093,"href":"https:\/\/agricampuslaroque.fr\/index.php\/wp-json\/wp\/v2\/pages\/1720\/revisions\/6093"}],"up":[{"embeddable":true,"href":"https:\/\/agricampuslaroque.fr\/index.php\/wp-json\/wp\/v2\/pages\/960"}],"wp:attachment":[{"href":"https:\/\/agricampuslaroque.fr\/index.php\/wp-json\/wp\/v2\/media?parent=1720"}],"curies":[{"name":"wp","href":"https:\/\/api.w.org\/{rel}","templated":true}]}}